{"id":5994,"date":"2018-10-22T20:00:02","date_gmt":"2018-10-22T18:00:02","guid":{"rendered":"https:\/\/oldtimer-veranstaltung.de\/kalender\/?page_id=5994"},"modified":"2018-10-22T20:22:06","modified_gmt":"2018-10-22T18:22:06","slug":"die-beliebtesten-beitraege-ueber-oldtimer-termine","status":"publish","type":"page","link":"https:\/\/oldtimer-veranstaltung.de\/kalender\/die-beliebtesten-beitraege-ueber-oldtimer-termine\/","title":{"rendered":"Die beliebtesten Beitr\u00e4ge der Oldtimer-Termine"},"content":{"rendered":"<p>Die beliebtesten Beitr\u00e4ge der Oldtimer-Termine mit mehr als 1500 Veranstaltungen sind in der \u00dcbersicht aufgef\u00fchrt:<\/p>\n<p>[wpp range=&#8220;monthly&#8220; stats_views=&#8220;0&#8243; order_by=&#8220;views&#8220;]<\/p>\n<p>Die <a href=\"https:\/\/oldtimer-veranstaltung.de\/kalender\/\">tagesaktuellen Veranstaltungen<\/a> finden Sie mit diesem Link.<\/p>\n","protected":false},"excerpt":{"rendered":"<p>Die beliebtesten Beitr\u00e4ge der Oldtimer-Termine mit mehr als 1500 Veranstaltungen sind in der \u00dcbersicht aufgef\u00fchrt: [wpp range=&#8220;monthly&#8220; stats_views=&#8220;0&#8243; order_by=&#8220;views&#8220;] Die tagesaktuellen Veranstaltungen finden Sie mit diesem Link.<\/p>\n","protected":false},"author":1,"featured_media":0,"parent":0,"menu_order":0,"comment_status":"closed","ping_status":"closed","template":"","meta":{"footnotes":""},"class_list":["post-5994","page","type-page","status-publish","hentry"],"_links":{"self":[{"href":"https:\/\/oldtimer-veranstaltung.de\/kalender\/wp-json\/wp\/v2\/pages\/5994","targetHints":{"allow":["GET"]}}],"collection":[{"href":"https:\/\/oldtimer-veranstaltung.de\/kalender\/wp-json\/wp\/v2\/pages"}],"about":[{"href":"https:\/\/oldtimer-veranstaltung.de\/kalender\/wp-json\/wp\/v2\/types\/page"}],"author":[{"embeddable":true,"href":"https:\/\/oldtimer-veranstaltung.de\/kalender\/wp-json\/wp\/v2\/users\/1"}],"replies":[{"embeddable":true,"href":"https:\/\/oldtimer-veranstaltung.de\/kalender\/wp-json\/wp\/v2\/comments?post=5994"}],"version-history":[{"count":0,"href":"https:\/\/oldtimer-veranstaltung.de\/kalender\/wp-json\/wp\/v2\/pages\/5994\/revisions"}],"wp:attachment":[{"href":"https:\/\/oldtimer-veranstaltung.de\/kalender\/wp-json\/wp\/v2\/media?parent=5994"}],"curies":[{"name":"wp","href":"https:\/\/api.w.org\/{rel}","templated":true}]}}